{"id":109367,"date":"2024-12-15T16:32:53","date_gmt":"2024-12-15T16:32:53","guid":{"rendered":"https:\/\/www.otiumhome.fi\/?p=109367"},"modified":"2025-07-01T20:40:36","modified_gmt":"2025-07-01T20:40:36","slug":"kirjahylly-pinottava-valkoinen-30x30x80-cm-suunniteltu-puu","status":"publish","type":"product","link":"https:\/\/www.otiumhome.fi\/index.php\/tuote\/kirjahylly-pinottava-valkoinen-30x30x80-cm-suunniteltu-puu\/","title":{"rendered":"Kirjahylly pinottava valkoinen 30x30x80 cm suunniteltu puu"},"content":{"rendered":"<p>Korosta tilaasi t\u00e4ll\u00e4 monipuolisella ja muokattavissa olevalla kirjahyllyll\u00e4, joka on loistava ratkaisu s\u00e4ilytystarpeihisi.<\/p>\n<\/p>\n<ul>\n<li>Vakaa ja kest\u00e4v\u00e4 materiaali: Tekninen puu on kest\u00e4v\u00e4 ja vakaa materiaali, jonka sile\u00e4 pinta kest\u00e4\u00e4 kosteutta, v\u00e4\u00e4ntymist\u00e4 ja halkeilua, joten se on luotettava valinta erilaisiin projekteihin.<\/li>\n<li>Pinottava muotoilu: Kirjahylly toimii erinomaisesti yksin\u00e4\u00e4n, mutta se voidaan my\u00f6s pinota lis\u00e4yksik\u00f6iden kanssa pystysuoran s\u00e4ilytystilan maksimoimiseksi. Aloitatpa sitten yhdell\u00e4 tai suunnittelet laajentamista, t\u00e4m\u00e4 kaappi on helppo mukauttaa kasvaviin s\u00e4ilytystarpeisiin.<\/li>\n<li>Runsaasti s\u00e4ilytystilaa: Useiden s\u00e4ilytyshyllyjen ansiosta t\u00e4m\u00e4 s\u00e4ilytyslokero tarjoaa runsaasti s\u00e4ilytystilaa tavaroillesi, mik\u00e4 varmistaa, ett\u00e4 p\u00e4ivitt\u00e4iset k\u00e4ytt\u00f6si ovat siististi j\u00e4rjestettyj\u00e4 ja helposti saatavilla.<\/li>\n<li>Monipuolinen k\u00e4ytt\u00f6: Voit sijoittaa kirjahyllyn mihin tahansa, kaappiin, olohuoneeseen, ruokasaliin, keitti\u00f6\u00f6n tai kylpyhuoneeseen. Monitasoisen hyllyrakenteen ansiosta voit s\u00e4ilytt\u00e4\u00e4 p\u00e4ivitt\u00e4iseen k\u00e4ytt\u00f6\u00f6n tarvikkeita ja tarvikkeita lokeroissa tai esitell\u00e4 kokoelmiasi.<\/li>\n<li>Helppo huoltaa: Kirjahyllyt on sile\u00e4n pinnan ansiosta helppo puhdistaa kostealla liinalla ja ne vaativat v\u00e4hemm\u00e4n huoltoa.<\/li>\n<\/ul>\n<p>Varoitus:<\/p>\n<ul>\n<li>Kaatumisen est\u00e4miseksi t\u00e4t\u00e4 tuotetta on k\u00e4ytett\u00e4v\u00e4 mukana toimitetun sein\u00e4kiinnityslaitteen kanssa.<\/li>\n<\/ul>\n<ul>\n<li>V\u00e4ri: Valkoinen<\/li>\n<li>Materiaali: Tekninen puu<\/li>\n<li>Mitat: 30 x 30 x 80 cm (L x S x K)<\/li>\n<li>Kokonaiskantavuus: 60 kg<\/li>\n<li>Asennus vaaditaan: Kyll\u00e4<\/li>\n<\/ul>\n","protected":false},"excerpt":{"rendered":"<ul>\n<li>V\u00e4ri: Valkoinen<\/li>\n<li>Materiaali: Tekninen puu<\/li>\n<li>Mitat: 30 x 30 x 80 cm (L x S x K)<\/li>\n<li>Kokonaiskantavuus: 60 kg<\/li>\n<li>Asennus vaaditaan: Kyll\u00e4<\/li>\n<\/ul>\n","protected":false},"featured_media":100000109367,"comment_status":"closed","ping_status":"closed","template":"","meta":[],"product_brand":[],"product_cat":[84,8635],"product_tag":[],"class_list":{"0":"post-109367","1":"product","2":"type-product","3":"status-publish","4":"has-post-thumbnail","6":"product_cat-huonekalut","7":"product_cat-sailytys-lukkokaapit","9":"first","10":"instock","11":"taxable","12":"shipping-taxable","13":"purchasable","14":"product-type-simple"},"_links":{"self":[{"href":"https:\/\/www.otiumhome.fi\/index.php\/wp-json\/wp\/v2\/product\/109367","targetHints":{"allow":["GET"]}}],"collection":[{"href":"https:\/\/www.otiumhome.fi\/index.php\/wp-json\/wp\/v2\/product"}],"about":[{"href":"https:\/\/www.otiumhome.fi\/index.php\/wp-json\/wp\/v2\/types\/product"}],"replies":[{"embeddable":true,"href":"https:\/\/www.otiumhome.fi\/index.php\/wp-json\/wp\/v2\/comments?post=109367"}],"wp:featuredmedia":[{"embeddable":true,"href":"https:\/\/www.otiumhome.fi\/index.php\/wp-json\/"}],"wp:attachment":[{"href":"https:\/\/www.otiumhome.fi\/index.php\/wp-json\/wp\/v2\/media?parent=109367"}],"wp:term":[{"taxonomy":"product_brand","embeddable":true,"href":"https:\/\/www.otiumhome.fi\/index.php\/wp-json\/wp\/v2\/product_brand?post=109367"},{"taxonomy":"product_cat","embeddable":true,"href":"https:\/\/www.otiumhome.fi\/index.php\/wp-json\/wp\/v2\/product_cat?post=109367"},{"taxonomy":"product_tag","embeddable":true,"href":"https:\/\/www.otiumhome.fi\/index.php\/wp-json\/wp\/v2\/product_tag?post=109367"}],"curies":[{"name":"wp","href":"https:\/\/api.w.org\/{rel}","templated":true}]}}