{"id":109044,"date":"2024-12-15T16:30:38","date_gmt":"2024-12-15T16:30:38","guid":{"rendered":"https:\/\/www.otiumhome.fi\/?p=109044"},"modified":"2025-06-06T16:35:23","modified_gmt":"2025-06-06T16:35:23","slug":"pukukaapit-5-kpl-vaaleanharmaa-ja-vihrea-90x45x925-cm-teras","status":"publish","type":"product","link":"https:\/\/www.otiumhome.fi\/index.php\/tuote\/pukukaapit-5-kpl-vaaleanharmaa-ja-vihrea-90x45x925-cm-teras\/","title":{"rendered":"Pukukaapit 5 kpl vaaleanharmaa ja vihre\u00e4 90x45x92,5 cm ter\u00e4s"},"content":{"rendered":"<p>T\u00e4m\u00e4 moderni pukukaappisarja on erinomainen sisustuselementti mihin tahansa asuintilaan tai toimistoon.<\/p>\n<\/p>\n<p>S\u00e4ilytyskaappi on valmistettu ter\u00e4ksest\u00e4, joten se on kest\u00e4v\u00e4 ja helppo puhdistaa. S\u00e4ilytyskaapissa on lukot ja runsaasti s\u00e4ilytystilaa esineille kuten kengille, laukuille, kirjoille, arkistoille jne. T\u00e4m\u00e4 lukkokaappi sopii k\u00e4ytett\u00e4v\u00e4ksi kouluissa tai toimistoilla monien eri tavaroiden s\u00e4ilytykseen.<\/p>\n<ul>\n<li>V\u00e4ri: vaaleanharmaa ja vihre\u00e4<\/li>\n<li>Materiaali: ter\u00e4s<\/li>\n<li>Mitat: 90 x 45 x 92,5 cm (L x S x K)<\/li>\n<li>4 lokeroa<\/li>\n<li>Lukoilla<\/li>\n<li>Kantavuus per hylly: 15 kg<\/li>\n<li>Kokonaiskantavuus: 60 kg<\/li>\n<li>Asennus vaaditaan: kyll\u00e4<\/li>\n<li><strong>VAROITUS:<\/strong> Kaatumisen est\u00e4miseksi on t\u00e4t\u00e4 tuotetta k\u00e4ytett\u00e4v\u00e4 mukana toimitetun sein\u00e4kiinnityslaitteen kanssa.<\/li>\n<li><strong>Toimitus sis\u00e4lt\u00e4\u00e4:<\/strong><\/li>\n<li>5 x Pukukaappi<\/li>\n<li>Legal Documents:\n<p><span>Lis\u00e4tietoja huonekalujesi kaatumisen est\u00e4misest\u00e4 voit l\u00f6yt\u00e4\u00e4 <span style=\"text-decoration: underline\"><strong><a title=\"https:\/\/bit.ly\/3bVwkQp\" href=\"https:\/\/bit.ly\/3bVwkQp\" target=\"_blank\">t\u00e4\u00e4lt\u00e4<\/a><\/strong><\/span><\/span><\/p>\n<\/li>\n<\/ul>\n","protected":false},"excerpt":{"rendered":"<ul>\n<li>V\u00e4ri: vaaleanharmaa ja vihre\u00e4<\/li>\n<li>Materiaali: ter\u00e4s<\/li>\n<li>Mitat: 90 x 45 x 92,5 cm (L x S x K)<\/li>\n<li>4 lokeroa<\/li>\n<li>Lukoilla<\/li>\n<li>Kantavuus per hylly: 15 kg<\/li>\n<li>Kokonaiskantavuus: 60 kg<\/li>\n<li>Asennus vaaditaan: kyll\u00e4<\/li>\n<li><strong>VAROITUS:<\/strong> Kaatumisen est\u00e4miseksi on t\u00e4t\u00e4 tuotetta k\u00e4ytett\u00e4v\u00e4 mukana toimitetun sein\u00e4kiinnityslaitteen kanssa.<\/li>\n<li><strong>Toimitus sis\u00e4lt\u00e4\u00e4:<\/strong><\/li>\n<li>5 x Pukukaappi<\/li>\n<li>Legal Documents:\n<p><span>Lis\u00e4tietoja huonekalujesi kaatumisen est\u00e4misest\u00e4 voit l\u00f6yt\u00e4\u00e4 <span style=\"text-decoration: underline\"><strong><a title=\"https:\/\/bit.ly\/3bVwkQp\" href=\"https:\/\/bit.ly\/3bVwkQp\" target=\"_blank\">t\u00e4\u00e4lt\u00e4<\/a><\/strong><\/span><\/span><\/p>\n<\/li>\n<\/ul>\n","protected":false},"featured_media":100000109044,"comment_status":"closed","ping_status":"closed","template":"","meta":[],"product_brand":[],"product_cat":[84,8635],"product_tag":[],"class_list":{"0":"post-109044","1":"product","2":"type-product","3":"status-publish","4":"has-post-thumbnail","6":"product_cat-huonekalut","7":"product_cat-sailytys-lukkokaapit","9":"first","10":"instock","11":"taxable","12":"shipping-taxable","13":"purchasable","14":"product-type-simple"},"_links":{"self":[{"href":"https:\/\/www.otiumhome.fi\/index.php\/wp-json\/wp\/v2\/product\/109044","targetHints":{"allow":["GET"]}}],"collection":[{"href":"https:\/\/www.otiumhome.fi\/index.php\/wp-json\/wp\/v2\/product"}],"about":[{"href":"https:\/\/www.otiumhome.fi\/index.php\/wp-json\/wp\/v2\/types\/product"}],"replies":[{"embeddable":true,"href":"https:\/\/www.otiumhome.fi\/index.php\/wp-json\/wp\/v2\/comments?post=109044"}],"wp:featuredmedia":[{"embeddable":true,"href":"https:\/\/www.otiumhome.fi\/index.php\/wp-json\/"}],"wp:attachment":[{"href":"https:\/\/www.otiumhome.fi\/index.php\/wp-json\/wp\/v2\/media?parent=109044"}],"wp:term":[{"taxonomy":"product_brand","embeddable":true,"href":"https:\/\/www.otiumhome.fi\/index.php\/wp-json\/wp\/v2\/product_brand?post=109044"},{"taxonomy":"product_cat","embeddable":true,"href":"https:\/\/www.otiumhome.fi\/index.php\/wp-json\/wp\/v2\/product_cat?post=109044"},{"taxonomy":"product_tag","embeddable":true,"href":"https:\/\/www.otiumhome.fi\/index.php\/wp-json\/wp\/v2\/product_tag?post=109044"}],"curies":[{"name":"wp","href":"https:\/\/api.w.org\/{rel}","templated":true}]}}