{"id":109043,"date":"2024-12-15T16:30:38","date_gmt":"2024-12-15T16:30:38","guid":{"rendered":"https:\/\/www.otiumhome.fi\/?p=109043"},"modified":"2025-06-06T16:34:40","modified_gmt":"2025-06-06T16:34:40","slug":"seinakiinnitettava-yopoyta-harmaa-40x295x22-cm","status":"publish","type":"product","link":"https:\/\/www.otiumhome.fi\/index.php\/tuote\/seinakiinnitettava-yopoyta-harmaa-40x295x22-cm\/","title":{"rendered":"Sein\u00e4kiinnitett\u00e4v\u00e4 y\u00f6p\u00f6yt\u00e4 harmaa 40&#215;29,5&#215;22 cm"},"content":{"rendered":"<p>T\u00e4m\u00e4 trendik\u00e4s sein\u00e4kiinnitett\u00e4v\u00e4 y\u00f6p\u00f6yt\u00e4 edustaa eleganttia muotoilua ja niist\u00e4 tulee ajaton lis\u00e4 sisustukseesi.<\/p>\n<\/p>\n<ul>\n<li>T\u00e4ysi m\u00e4nty: T\u00e4ysi m\u00e4nty on kaunis luonnollinen materiaali. M\u00e4nnyll\u00e4 on suorat puunsyyt ja sen oksanpaikat antavat materiaalille sen ominaisen rustiikkisen ilmeen.<\/li>\n<li>Runsaasti s\u00e4ilytystilaa: Sein\u00e4lle ripustettava vuodekaappi tarjoaa k\u00e4tev\u00e4\u00e4 s\u00e4ilytystilaa lehdille, kaukos\u00e4\u00e4timille ja muille pienesineille niiden j\u00e4rjestyksess\u00e4 ja k\u00e4den ulottuvilla pit\u00e4miseen.<\/li>\n<li>Sein\u00e4lle asennettava toiminto: Kelluva y\u00f6p\u00f6yt\u00e4 ei vie yht\u00e4\u00e4n lattiatilaa, sill\u00e4 voit ripustaa sen helposti sein\u00e4lle.<\/li>\n<li>Tukeva yl\u00e4taso: Y\u00f6p\u00f6yd\u00e4ss\u00e4 on tukeva yl\u00e4taso, jolle voidaan asettaa p\u00f6yt\u00e4lamput, kirjat ja muut vastaavat.<\/li>\n<\/ul>\n<p>Huomioi:<\/p>\n<ul>\n<li>Sein\u00e4\u00e4n kiinnitett\u00e4v\u00e4t ruuvit ja tulpat eiv\u00e4t sis\u00e4lly toimitukseen. Etsi ja k\u00e4yt\u00e4 sein\u00e4\u00e4si sopivia ruuveja ja tulppia. Jos olet ep\u00e4varma, kysy ammattilaisen neuvoa. Lue ja seuraa asennusohjeiden jokaista vaihetta huolella.<\/li>\n<li>Jokaisen tuotteen mukana on laatikossa kokoonpano-ohje helppoa asennusta varten.<\/li>\n<\/ul>\n<ul>\n<li>V\u00e4ri: Harmaa<\/li>\n<li>Materiaali: T\u00e4ysi m\u00e4nty<\/li>\n<li>Mitat: 40 x 29,5 x 22 cm (L x S x K)<\/li>\n<\/ul>\n","protected":false},"excerpt":{"rendered":"<ul>\n<li>V\u00e4ri: Harmaa<\/li>\n<li>Materiaali: T\u00e4ysi m\u00e4nty<\/li>\n<li>Mitat: 40 x 29,5 x 22 cm (L x S x K)<\/li>\n<\/ul>\n","protected":false},"featured_media":100000109043,"comment_status":"closed","ping_status":"closed","template":"","meta":[],"product_brand":[],"product_cat":[84,8635],"product_tag":[],"class_list":{"0":"post-109043","1":"product","2":"type-product","3":"status-publish","4":"has-post-thumbnail","6":"product_cat-huonekalut","7":"product_cat-sailytys-lukkokaapit","9":"first","10":"instock","11":"taxable","12":"shipping-taxable","13":"purchasable","14":"product-type-simple"},"_links":{"self":[{"href":"https:\/\/www.otiumhome.fi\/index.php\/wp-json\/wp\/v2\/product\/109043","targetHints":{"allow":["GET"]}}],"collection":[{"href":"https:\/\/www.otiumhome.fi\/index.php\/wp-json\/wp\/v2\/product"}],"about":[{"href":"https:\/\/www.otiumhome.fi\/index.php\/wp-json\/wp\/v2\/types\/product"}],"replies":[{"embeddable":true,"href":"https:\/\/www.otiumhome.fi\/index.php\/wp-json\/wp\/v2\/comments?post=109043"}],"wp:featuredmedia":[{"embeddable":true,"href":"https:\/\/www.otiumhome.fi\/index.php\/wp-json\/"}],"wp:attachment":[{"href":"https:\/\/www.otiumhome.fi\/index.php\/wp-json\/wp\/v2\/media?parent=109043"}],"wp:term":[{"taxonomy":"product_brand","embeddable":true,"href":"https:\/\/www.otiumhome.fi\/index.php\/wp-json\/wp\/v2\/product_brand?post=109043"},{"taxonomy":"product_cat","embeddable":true,"href":"https:\/\/www.otiumhome.fi\/index.php\/wp-json\/wp\/v2\/product_cat?post=109043"},{"taxonomy":"product_tag","embeddable":true,"href":"https:\/\/www.otiumhome.fi\/index.php\/wp-json\/wp\/v2\/product_tag?post=109043"}],"curies":[{"name":"wp","href":"https:\/\/api.w.org\/{rel}","templated":true}]}}