{"id":108892,"date":"2024-12-15T16:22:56","date_gmt":"2024-12-15T16:22:56","guid":{"rendered":"https:\/\/www.otiumhome.fi\/?p=108892"},"modified":"2024-12-17T02:53:34","modified_gmt":"2024-12-17T02:53:34","slug":"toimistokaappi-metalli-90x40x180-cm-harmaa-ja-sininen","status":"publish","type":"product","link":"https:\/\/www.otiumhome.fi\/index.php\/tuote\/toimistokaappi-metalli-90x40x180-cm-harmaa-ja-sininen\/","title":{"rendered":"Toimistokaappi metalli 90x40x180 cm harmaa ja sininen"},"content":{"rendered":"<p>T\u00e4m\u00e4 tyypillisen arkistokaapin n\u00e4k\u00f6inen toimistokaappi on loistava valinta asiakirjojen s\u00e4ilytt\u00e4miseen.<\/p>\n<\/p>\n<p>Arkistokaapissa on 4 s\u00e4\u00e4dett\u00e4v\u00e4\u00e4 hylly\u00e4, jotka mahdollistavat papereiden j\u00e4rjest\u00e4misen eri kategorioihin. Se sopii ikonisen muotoilunsa ansiosta mink\u00e4 tahansa toimiston sisustukseen. Muovijalat est\u00e4v\u00e4t lattian naarmuuntumisen.<\/p>\n<\/p>\n<p>T\u00e4m\u00e4 toimistokaappi on valmistettu korkealaatuisesta ter\u00e4ksest\u00e4, joten se on kest\u00e4v\u00e4 ja helppo puhdistaa. Se on lis\u00e4ksi helppo koota.<\/p>\n<ul>\n<li>V\u00e4ri: harmaa ja sininen<\/li>\n<li>Materiaali: metalli<\/li>\n<li>Mitat: 90 x 40 x 180 cm (L x S x K)<\/li>\n<li>2 ovea ja 4 s\u00e4\u00e4dett\u00e4v\u00e4\u00e4 hylly\u00e4<\/li>\n<li>Oven avauskulma: 130\u00b0<\/li>\n<li>Maksimikantavuus per hylly: 30 kg<\/li>\n<li>3-pisteinen lukkoj\u00e4rjestelm\u00e4 2 avaimella<\/li>\n<li>Muovijalat<\/li>\n<li>Helppo koota<\/li>\n<li>VAROITUS! Kaatumisen est\u00e4miseksi t\u00e4t\u00e4 tuotetta on k\u00e4ytett\u00e4v\u00e4 mukana toimitetun sein\u00e4kiinnityslaitteen kanssa.<\/li>\n<li class=\"legalDocument\">Legal Documents:\n<p><span>Lis\u00e4tietoja huonekalujesi kaatumisen est\u00e4misest\u00e4 voit l\u00f6yt\u00e4\u00e4 <span style=\"text-decoration: underline\"><strong><a title=\"https:\/\/bit.ly\/3bVwkQp\" href=\"https:\/\/bit.ly\/3bVwkQp\" target=\"_blank\">t\u00e4\u00e4lt\u00e4<\/a><\/strong><\/span><\/span><\/p>\n<\/li>\n<\/ul>\n","protected":false},"excerpt":{"rendered":"<ul>\n<li>V\u00e4ri: harmaa ja sininen<\/li>\n<li>Materiaali: metalli<\/li>\n<li>Mitat: 90 x 40 x 180 cm (L x S x K)<\/li>\n<li>2 ovea ja 4 s\u00e4\u00e4dett\u00e4v\u00e4\u00e4 hylly\u00e4<\/li>\n<li>Oven avauskulma: 130\u00b0<\/li>\n<li>Maksimikantavuus per hylly: 30 kg<\/li>\n<li>3-pisteinen lukkoj\u00e4rjestelm\u00e4 2 avaimella<\/li>\n<li>Muovijalat<\/li>\n<li>Helppo koota<\/li>\n<li>VAROITUS! Kaatumisen est\u00e4miseksi t\u00e4t\u00e4 tuotetta on k\u00e4ytett\u00e4v\u00e4 mukana toimitetun sein\u00e4kiinnityslaitteen kanssa.<\/li>\n<li>Legal Documents:\n<p><span>Lis\u00e4tietoja huonekalujesi kaatumisen est\u00e4misest\u00e4 voit l\u00f6yt\u00e4\u00e4 <span style=\"text-decoration: underline\"><strong><a title=\"https:\/\/bit.ly\/3bVwkQp\" href=\"https:\/\/bit.ly\/3bVwkQp\" target=\"_blank\">t\u00e4\u00e4lt\u00e4<\/a><\/strong><\/span><\/span><\/p>\n<\/li>\n<\/ul>\n","protected":false},"featured_media":100000108892,"comment_status":"closed","ping_status":"closed","template":"","meta":[],"product_brand":[],"product_cat":[84,8635],"product_tag":[],"class_list":{"0":"post-108892","1":"product","2":"type-product","3":"status-publish","4":"has-post-thumbnail","6":"product_cat-huonekalut","7":"product_cat-sailytys-lukkokaapit","9":"first","10":"outofstock","11":"taxable","12":"shipping-taxable","13":"purchasable","14":"product-type-simple"},"_links":{"self":[{"href":"https:\/\/www.otiumhome.fi\/index.php\/wp-json\/wp\/v2\/product\/108892","targetHints":{"allow":["GET"]}}],"collection":[{"href":"https:\/\/www.otiumhome.fi\/index.php\/wp-json\/wp\/v2\/product"}],"about":[{"href":"https:\/\/www.otiumhome.fi\/index.php\/wp-json\/wp\/v2\/types\/product"}],"replies":[{"embeddable":true,"href":"https:\/\/www.otiumhome.fi\/index.php\/wp-json\/wp\/v2\/comments?post=108892"}],"wp:featuredmedia":[{"embeddable":true,"href":"https:\/\/www.otiumhome.fi\/index.php\/wp-json\/"}],"wp:attachment":[{"href":"https:\/\/www.otiumhome.fi\/index.php\/wp-json\/wp\/v2\/media?parent=108892"}],"wp:term":[{"taxonomy":"product_brand","embeddable":true,"href":"https:\/\/www.otiumhome.fi\/index.php\/wp-json\/wp\/v2\/product_brand?post=108892"},{"taxonomy":"product_cat","embeddable":true,"href":"https:\/\/www.otiumhome.fi\/index.php\/wp-json\/wp\/v2\/product_cat?post=108892"},{"taxonomy":"product_tag","embeddable":true,"href":"https:\/\/www.otiumhome.fi\/index.php\/wp-json\/wp\/v2\/product_tag?post=108892"}],"curies":[{"name":"wp","href":"https:\/\/api.w.org\/{rel}","templated":true}]}}