{"id":108856,"date":"2024-12-15T16:22:53","date_gmt":"2024-12-15T16:22:53","guid":{"rendered":"https:\/\/www.otiumhome.fi\/?p=108856"},"modified":"2025-06-06T16:34:43","modified_gmt":"2025-06-06T16:34:43","slug":"lukkokaappi-12-lokerolla-90x45x180-cm","status":"publish","type":"product","link":"https:\/\/www.otiumhome.fi\/index.php\/tuote\/lukkokaappi-12-lokerolla-90x45x180-cm\/","title":{"rendered":"Lukkokaappi 12 lokerolla 90x45x180 cm"},"content":{"rendered":"<p>T\u00e4m\u00e4 lukkokaappi on ihanteellinen urheiluhallien ja toimistojen pukuhuoneisiin tai lis\u00e4\u00e4m\u00e4\u00e4n tyylik\u00e4st\u00e4 teollista tyyli\u00e4 sisustukseen.<\/p>\n<\/p>\n<p>Kahdentoista lokeron ansiosta, joissa on lukollinen ovi, t\u00e4m\u00e4 lukkokaappi tarjoaa riitt\u00e4v\u00e4n tilan vaatteille ja muille henkil\u00f6kohtaisille tavaroille. Jokaisessa lokerossa on nimikorttiteline. T\u00e4m\u00e4 lukkokaappi on valmistettu laadukkaasta ter\u00e4ksest\u00e4, t\u00e4m\u00e4 tekee siit\u00e4 kest\u00e4v\u00e4n sek\u00e4 helpon puhdistaa. Todella helppo koota.<\/p>\n<ul>\n<li>V\u00e4ri: harmaa<\/li>\n<li>Materiaali: ter\u00e4s<\/li>\n<li>Mitat: 90 x 45 x 180 cm (L x S x K)<\/li>\n<li>Jokainen lokero sis\u00e4lt\u00e4\u00e4 nimikorttipaikan<\/li>\n<li>Sis\u00e4lt\u00e4\u00e4 12 lukittavaa ovea (2 avainta mukana jokaiseen oveen )<\/li>\n<li>Sis\u00e4lt\u00e4\u00e4 tuuletusaukot<\/li>\n<li>Kantavuus per hylly: 25 kg<\/li>\n<li>Kokonaiskantavuus: 140 kg<\/li>\n<li>Todella helppo koota<\/li>\n<li>VAROITUS: kaatumisen est\u00e4miseksi on t\u00e4t\u00e4 tuotetta k\u00e4ytett\u00e4v\u00e4 mukana toimitettavan sein\u00e4kiinnityslaitteen kanssa.<\/li>\n<li>Legal Documents:\n<p><span>Lis\u00e4tietoja huonekalujesi kaatumisen est\u00e4misest\u00e4 voit l\u00f6yt\u00e4\u00e4 <span style=\"text-decoration: underline\"><strong><a title=\"https:\/\/bit.ly\/3bVwkQp\" href=\"https:\/\/bit.ly\/3bVwkQp\" target=\"_blank\">t\u00e4\u00e4lt\u00e4<\/a><\/strong><\/span><\/span><\/p>\n<\/li>\n<\/ul>\n","protected":false},"excerpt":{"rendered":"<ul>\n<li>V\u00e4ri: harmaa<\/li>\n<li>Materiaali: ter\u00e4s<\/li>\n<li>Mitat: 90 x 45 x 180 cm (L x S x K)<\/li>\n<li>Jokainen lokero sis\u00e4lt\u00e4\u00e4 nimikorttipaikan<\/li>\n<li>Sis\u00e4lt\u00e4\u00e4 12 lukittavaa ovea (2 avainta mukana jokaiseen oveen )<\/li>\n<li>Sis\u00e4lt\u00e4\u00e4 tuuletusaukot<\/li>\n<li>Kantavuus per hylly: 25 kg<\/li>\n<li>Kokonaiskantavuus: 140 kg<\/li>\n<li>Todella helppo koota<\/li>\n<li>VAROITUS: kaatumisen est\u00e4miseksi on t\u00e4t\u00e4 tuotetta k\u00e4ytett\u00e4v\u00e4 mukana toimitettavan sein\u00e4kiinnityslaitteen kanssa.<\/li>\n<li>Legal Documents:\n<p><span>Lis\u00e4tietoja huonekalujesi kaatumisen est\u00e4misest\u00e4 voit l\u00f6yt\u00e4\u00e4 <span style=\"text-decoration: underline\"><strong><a title=\"https:\/\/bit.ly\/3bVwkQp\" href=\"https:\/\/bit.ly\/3bVwkQp\" target=\"_blank\">t\u00e4\u00e4lt\u00e4<\/a><\/strong><\/span><\/span><\/p>\n<\/li>\n<\/ul>\n","protected":false},"featured_media":100000108856,"comment_status":"closed","ping_status":"closed","template":"","meta":[],"product_brand":[],"product_cat":[84,8635],"product_tag":[],"class_list":{"0":"post-108856","1":"product","2":"type-product","3":"status-publish","4":"has-post-thumbnail","6":"product_cat-huonekalut","7":"product_cat-sailytys-lukkokaapit","9":"first","10":"instock","11":"taxable","12":"shipping-taxable","13":"purchasable","14":"product-type-simple"},"_links":{"self":[{"href":"https:\/\/www.otiumhome.fi\/index.php\/wp-json\/wp\/v2\/product\/108856","targetHints":{"allow":["GET"]}}],"collection":[{"href":"https:\/\/www.otiumhome.fi\/index.php\/wp-json\/wp\/v2\/product"}],"about":[{"href":"https:\/\/www.otiumhome.fi\/index.php\/wp-json\/wp\/v2\/types\/product"}],"replies":[{"embeddable":true,"href":"https:\/\/www.otiumhome.fi\/index.php\/wp-json\/wp\/v2\/comments?post=108856"}],"wp:featuredmedia":[{"embeddable":true,"href":"https:\/\/www.otiumhome.fi\/index.php\/wp-json\/"}],"wp:attachment":[{"href":"https:\/\/www.otiumhome.fi\/index.php\/wp-json\/wp\/v2\/media?parent=108856"}],"wp:term":[{"taxonomy":"product_brand","embeddable":true,"href":"https:\/\/www.otiumhome.fi\/index.php\/wp-json\/wp\/v2\/product_brand?post=108856"},{"taxonomy":"product_cat","embeddable":true,"href":"https:\/\/www.otiumhome.fi\/index.php\/wp-json\/wp\/v2\/product_cat?post=108856"},{"taxonomy":"product_tag","embeddable":true,"href":"https:\/\/www.otiumhome.fi\/index.php\/wp-json\/wp\/v2\/product_tag?post=108856"}],"curies":[{"name":"wp","href":"https:\/\/api.w.org\/{rel}","templated":true}]}}