{"id":108524,"date":"2024-12-15T16:17:17","date_gmt":"2024-12-15T16:17:17","guid":{"rendered":"https:\/\/www.otiumhome.fi\/?p=108524"},"modified":"2025-06-06T16:36:31","modified_gmt":"2025-06-06T16:36:31","slug":"sailytyskaappi-rustiikkinen-ruskea-72x36x82-cm-metalli-ja-mdf","status":"publish","type":"product","link":"https:\/\/www.otiumhome.fi\/index.php\/tuote\/sailytyskaappi-rustiikkinen-ruskea-72x36x82-cm-metalli-ja-mdf\/","title":{"rendered":"S\u00e4ilytyskaappi rustiikkinen ruskea 72x36x82 cm metalli ja MDF"},"content":{"rendered":"<p>T\u00e4m\u00e4 s\u00e4ilytyskaappi pit\u00e4\u00e4 kotisi siistin\u00e4 ja hyv\u00e4ss\u00e4 j\u00e4rjestyksess\u00e4!<\/p>\n<\/p>\n<p>T\u00e4m\u00e4 s\u00e4ilytyskaappi on valmistettu metallista ja MDF:st\u00e4, joten se on tukeva ja vakaa. Siin\u00e4 on sis\u00e4ll\u00e4 hylly, joka tarjoaa paljon tilaa DVD-levyille, multimedialaitteilla, kirjoille ja pikkutavaroille niiden j\u00e4rjestyksess\u00e4 ja k\u00e4den ulottuvilla pit\u00e4miseen. Metalliosia ja verkko-ovet sis\u00e4lt\u00e4v\u00e4 kaappi lis\u00e4\u00e4 urbaania teollista tuntumaa olohuoneeseen tai makuuhuoneeseen. Sen puhdistus k\u00e4y lis\u00e4ksi helposti kostealla liinalla.<\/p>\n<ul>\n<li>V\u00e4ri: rustiikkisen ruskea<\/li>\n<li>Materiaali: metalli + MDF<\/li>\n<li>Mitat: 72 x 36 x 82 cm (L x S x K)<\/li>\n<li>Sis\u00e4lt\u00e4\u00e4 kaksi verkko-ovea<\/li>\n<li>Yksi hylly (ei s\u00e4\u00e4dett\u00e4v\u00e4)<\/li>\n<li>Kantavuus per hylly: 25 kg<\/li>\n<li>Kokonaiskantavuus: 75 kg<\/li>\n<li>Asennus vaaditaan: kyll\u00e4<\/li>\n<li><strong>VAROITUS:<\/strong>Kaatumisen est\u00e4miseksi on t\u00e4t\u00e4 tuotetta k\u00e4ytett\u00e4v\u00e4 mukana toimitetun sein\u00e4kiinnityslaitteen kanssa.<\/li>\n<li>Legal Documents:\n<p><span>Lis\u00e4tietoja huonekalujesi kaatumisen est\u00e4misest\u00e4 voit l\u00f6yt\u00e4\u00e4 <span style=\"text-decoration: underline\"><strong><a title=\"https:\/\/bit.ly\/3bVwkQp\" href=\"https:\/\/bit.ly\/3bVwkQp\" target=\"_blank\">t\u00e4\u00e4lt\u00e4<\/a><\/strong><\/span><\/span><\/p>\n<\/li>\n<\/ul>\n","protected":false},"excerpt":{"rendered":"<ul>\n<li>V\u00e4ri: rustiikkisen ruskea<\/li>\n<li>Materiaali: metalli + MDF<\/li>\n<li>Mitat: 72 x 36 x 82 cm (L x S x K)<\/li>\n<li>Sis\u00e4lt\u00e4\u00e4 kaksi verkko-ovea<\/li>\n<li>Yksi hylly (ei s\u00e4\u00e4dett\u00e4v\u00e4)<\/li>\n<li>Kantavuus per hylly: 25 kg<\/li>\n<li>Kokonaiskantavuus: 75 kg<\/li>\n<li>Asennus vaaditaan: kyll\u00e4<\/li>\n<li><strong>VAROITUS:<\/strong>Kaatumisen est\u00e4miseksi on t\u00e4t\u00e4 tuotetta k\u00e4ytett\u00e4v\u00e4 mukana toimitetun sein\u00e4kiinnityslaitteen kanssa.<\/li>\n<li>Legal Documents:\n<p><span>Lis\u00e4tietoja huonekalujesi kaatumisen est\u00e4misest\u00e4 voit l\u00f6yt\u00e4\u00e4 <span style=\"text-decoration: underline\"><strong><a title=\"https:\/\/bit.ly\/3bVwkQp\" href=\"https:\/\/bit.ly\/3bVwkQp\" target=\"_blank\">t\u00e4\u00e4lt\u00e4<\/a><\/strong><\/span><\/span><\/p>\n<\/li>\n<\/ul>\n","protected":false},"featured_media":100000108524,"comment_status":"closed","ping_status":"closed","template":"","meta":[],"product_brand":[],"product_cat":[84,8635],"product_tag":[],"class_list":{"0":"post-108524","1":"product","2":"type-product","3":"status-publish","4":"has-post-thumbnail","6":"product_cat-huonekalut","7":"product_cat-sailytys-lukkokaapit","9":"first","10":"instock","11":"taxable","12":"shipping-taxable","13":"purchasable","14":"product-type-simple"},"_links":{"self":[{"href":"https:\/\/www.otiumhome.fi\/index.php\/wp-json\/wp\/v2\/product\/108524","targetHints":{"allow":["GET"]}}],"collection":[{"href":"https:\/\/www.otiumhome.fi\/index.php\/wp-json\/wp\/v2\/product"}],"about":[{"href":"https:\/\/www.otiumhome.fi\/index.php\/wp-json\/wp\/v2\/types\/product"}],"replies":[{"embeddable":true,"href":"https:\/\/www.otiumhome.fi\/index.php\/wp-json\/wp\/v2\/comments?post=108524"}],"wp:featuredmedia":[{"embeddable":true,"href":"https:\/\/www.otiumhome.fi\/index.php\/wp-json\/"}],"wp:attachment":[{"href":"https:\/\/www.otiumhome.fi\/index.php\/wp-json\/wp\/v2\/media?parent=108524"}],"wp:term":[{"taxonomy":"product_brand","embeddable":true,"href":"https:\/\/www.otiumhome.fi\/index.php\/wp-json\/wp\/v2\/product_brand?post=108524"},{"taxonomy":"product_cat","embeddable":true,"href":"https:\/\/www.otiumhome.fi\/index.php\/wp-json\/wp\/v2\/product_cat?post=108524"},{"taxonomy":"product_tag","embeddable":true,"href":"https:\/\/www.otiumhome.fi\/index.php\/wp-json\/wp\/v2\/product_tag?post=108524"}],"curies":[{"name":"wp","href":"https:\/\/api.w.org\/{rel}","templated":true}]}}