{"id":108432,"date":"2024-12-15T16:15:03","date_gmt":"2024-12-15T16:15:03","guid":{"rendered":"https:\/\/www.otiumhome.fi\/?p=108432"},"modified":"2025-06-06T16:35:46","modified_gmt":"2025-06-06T16:35:46","slug":"apteekkarinkaappi-savutammi-40x41x1445-cm-tekninen-puu","status":"publish","type":"product","link":"https:\/\/www.otiumhome.fi\/index.php\/tuote\/apteekkarinkaappi-savutammi-40x41x1445-cm-tekninen-puu\/","title":{"rendered":"Apteekkarinkaappi savutammi 40x41x144,5 cm tekninen puu"},"content":{"rendered":"<p>T\u00e4st\u00e4 klassisesta apteekkarinkaapista tulee sek\u00e4 koristeellinen ett\u00e4 k\u00e4yt\u00e4nn\u00f6llinen lis\u00e4 kotiisi ja toimistoosi.<\/p>\n<\/p>\n<ul>\n<li>Vakaa ja kest\u00e4v\u00e4 materiaali: Tekninen puu on kest\u00e4v\u00e4 ja vakaa materiaali, jonka sile\u00e4 pinta kest\u00e4\u00e4 kosteutta, v\u00e4\u00e4ntymist\u00e4 ja halkeilua, joten se on luotettava valinta erilaisiin projekteihin.<\/li>\n<li>Runsaasti s\u00e4ilytystilaa: Apteekkarikaappi tarjoaa runsaasti s\u00e4ilytystilaa p\u00e4ivitt\u00e4istarvikkeiden pit\u00e4miseksi hyv\u00e4ss\u00e4 j\u00e4rjestyksess\u00e4, se tarjoaa my\u00f6s suojan tavaroillesi p\u00f6lylt\u00e4 ja lialta.<\/li>\n<li>Helppok\u00e4ytt\u00f6inen: Apteekkarin kaapissa on laadukkaat metallikiskot ja tyylikk\u00e4\u00e4t kahvat, jotta niit\u00e4 voidaan liikuttaa sujuvasti, t\u00e4ten s\u00e4ilytetyt tavarat ovat helposti saatavilla.<\/li>\n<li>Laaja k\u00e4ytt\u00f6: T\u00e4t\u00e4 apteekkikaappia voidaan k\u00e4ytt\u00e4\u00e4 tarpeidesi mukaan apteekin kaappina, s\u00e4ilytyskaappina tai lipastona keitti\u00f6ss\u00e4, olohuoneessa tai toimistossa.<\/li>\n<\/ul>\n<p>Varoitus:<\/p>\n<ul>\n<li>Kaatumisen est\u00e4miseksi t\u00e4t\u00e4 tuotetta on k\u00e4ytett\u00e4v\u00e4 mukana toimitetun sein\u00e4kiinnityslaitteen kanssa.<\/li>\n<\/ul>\n<p>Hyv\u00e4 tiet\u00e4\u00e4:<\/p>\n<ul>\n<li>Sein\u00e4\u00e4n kiinnitett\u00e4v\u00e4t ruuvit ja tulpat eiv\u00e4t sis\u00e4lly toimitukseen. Etsi ja k\u00e4yt\u00e4 sein\u00e4\u00e4si sopivia ruuveja ja tulppia. Jos olet ep\u00e4varma, kysy ammattilaisen neuvoa. Lue ja seuraa asennusohjeiden jokaista vaihetta huolella.<\/li>\n<\/ul>\n<ul>\n<li>V\u00e4ri: savutammi<\/li>\n<li>Materiaali: Tekninen puu<\/li>\n<li>Kokonaismitat: 40 x 41 x 144,5 cm (L x S x K)<\/li>\n<li>Laatikon mitat: 31,5 x 33,5 x 9 cm (L x S x K)<\/li>\n<li>Laatikoiden lukum\u00e4\u00e4r\u00e4: 4<\/li>\n<li>Yl\u00e4hyllyn kantavuus: 40 kg<\/li>\n<li>Kantavuus laatikkoa kohden: 5 kg<\/li>\n<li>Kokonaiskantavuus: 60 kg<\/li>\n<li>Asennus vaaditaan: Kyll\u00e4<\/li>\n<li>Legal Documents:\n<p><span>Lis\u00e4tietoja huonekalujesi kaatumisen est\u00e4misest\u00e4 voit l\u00f6yt\u00e4\u00e4 <span style=\"text-decoration: underline\"><strong><a title=\"https:\/\/bit.ly\/3bVwkQp\" href=\"https:\/\/bit.ly\/3bVwkQp\" target=\"_blank\">t\u00e4\u00e4lt\u00e4<\/a><\/strong><\/span><\/span><\/p>\n<\/li>\n<\/ul>\n","protected":false},"excerpt":{"rendered":"<ul>\n<li>V\u00e4ri: savutammi<\/li>\n<li>Materiaali: Tekninen puu<\/li>\n<li>Kokonaismitat: 40 x 41 x 144,5 cm (L x S x K)<\/li>\n<li>Laatikon mitat: 31,5 x 33,5 x 9 cm (L x S x K)<\/li>\n<li>Laatikoiden lukum\u00e4\u00e4r\u00e4: 4<\/li>\n<li>Yl\u00e4hyllyn kantavuus: 40 kg<\/li>\n<li>Kantavuus laatikkoa kohden: 5 kg<\/li>\n<li>Kokonaiskantavuus: 60 kg<\/li>\n<li>Asennus vaaditaan: Kyll\u00e4<\/li>\n<li>Legal Documents:\n<p><span>Lis\u00e4tietoja huonekalujesi kaatumisen est\u00e4misest\u00e4 voit l\u00f6yt\u00e4\u00e4 <span style=\"text-decoration: underline\"><strong><a title=\"https:\/\/bit.ly\/3bVwkQp\" href=\"https:\/\/bit.ly\/3bVwkQp\" target=\"_blank\">t\u00e4\u00e4lt\u00e4<\/a><\/strong><\/span><\/span><\/p>\n<\/li>\n<\/ul>\n","protected":false},"featured_media":100000108432,"comment_status":"closed","ping_status":"closed","template":"","meta":[],"product_brand":[],"product_cat":[84,8635],"product_tag":[],"class_list":{"0":"post-108432","1":"product","2":"type-product","3":"status-publish","4":"has-post-thumbnail","6":"product_cat-huonekalut","7":"product_cat-sailytys-lukkokaapit","9":"first","10":"instock","11":"taxable","12":"shipping-taxable","13":"purchasable","14":"product-type-simple"},"_links":{"self":[{"href":"https:\/\/www.otiumhome.fi\/index.php\/wp-json\/wp\/v2\/product\/108432","targetHints":{"allow":["GET"]}}],"collection":[{"href":"https:\/\/www.otiumhome.fi\/index.php\/wp-json\/wp\/v2\/product"}],"about":[{"href":"https:\/\/www.otiumhome.fi\/index.php\/wp-json\/wp\/v2\/types\/product"}],"replies":[{"embeddable":true,"href":"https:\/\/www.otiumhome.fi\/index.php\/wp-json\/wp\/v2\/comments?post=108432"}],"wp:featuredmedia":[{"embeddable":true,"href":"https:\/\/www.otiumhome.fi\/index.php\/wp-json\/"}],"wp:attachment":[{"href":"https:\/\/www.otiumhome.fi\/index.php\/wp-json\/wp\/v2\/media?parent=108432"}],"wp:term":[{"taxonomy":"product_brand","embeddable":true,"href":"https:\/\/www.otiumhome.fi\/index.php\/wp-json\/wp\/v2\/product_brand?post=108432"},{"taxonomy":"product_cat","embeddable":true,"href":"https:\/\/www.otiumhome.fi\/index.php\/wp-json\/wp\/v2\/product_cat?post=108432"},{"taxonomy":"product_tag","embeddable":true,"href":"https:\/\/www.otiumhome.fi\/index.php\/wp-json\/wp\/v2\/product_tag?post=108432"}],"curies":[{"name":"wp","href":"https:\/\/api.w.org\/{rel}","templated":true}]}}