{"id":108320,"date":"2024-12-15T16:14:53","date_gmt":"2024-12-15T16:14:53","guid":{"rendered":"https:\/\/www.otiumhome.fi\/?p=108320"},"modified":"2025-06-06T16:35:38","modified_gmt":"2025-06-06T16:35:38","slug":"sailytysteline-4-kangaskorilla-teras-kerma","status":"publish","type":"product","link":"https:\/\/www.otiumhome.fi\/index.php\/tuote\/sailytysteline-4-kangaskorilla-teras-kerma\/","title":{"rendered":"S\u00e4ilytysteline 4 kangaskorilla ter\u00e4s kerma"},"content":{"rendered":"<p>Pid\u00e4 jokap\u00e4iv\u00e4iset esineesi siististi j\u00e4rjestettyn\u00e4 t\u00e4ss\u00e4 4 korin s\u00e4ilytystelineess\u00e4! Se tarjoaa runsaasti tilaa tavaroillesi.<\/p>\n<\/p>\n<p>Kangaskorit ja vahva ter\u00e4srunko muodostavat kest\u00e4v\u00e4n ja kevyen vaatetelineen. Voit helposti sijoittaa sen mihin tahansa tilaan. Korit ovat irrotettavat ja helposti puhdistettavat. Jokaisessa korissa on sis\u00e4\u00e4nrakennettu kahva helpon avaamisen ja sulkemisen takaamiseksi.<\/p>\n<ul>\n<li>V\u00e4ri: kerma<\/li>\n<li>Materiaali: ter\u00e4s, kangas (100 % polyesteri)<\/li>\n<li>Mitat: 45 x 38 x 80 cm (L x S x K)<\/li>\n<li>Korin mitat: 42 x 37,5 x 16 cm (P x L x K)<\/li>\n<li>4 irrotettavalla korilla<\/li>\n<li>Asennus vaaditaan: kyll\u00e4<\/li>\n<\/ul>\n","protected":false},"excerpt":{"rendered":"<ul>\n<li>V\u00e4ri: kerma<\/li>\n<li>Materiaali: ter\u00e4s, kangas (100 % polyesteri)<\/li>\n<li>Mitat: 45 x 38 x 80 cm (L x S x K)<\/li>\n<li>Korin mitat: 42 x 37,5 x 16 cm (P x L x K)<\/li>\n<li>4 irrotettavalla korilla<\/li>\n<li>Asennus vaaditaan: kyll\u00e4<\/li>\n<\/ul>\n","protected":false},"featured_media":100000108320,"comment_status":"closed","ping_status":"closed","template":"","meta":[],"product_brand":[],"product_cat":[84,8635],"product_tag":[],"class_list":{"0":"post-108320","1":"product","2":"type-product","3":"status-publish","4":"has-post-thumbnail","6":"product_cat-huonekalut","7":"product_cat-sailytys-lukkokaapit","9":"first","10":"instock","11":"taxable","12":"shipping-taxable","13":"purchasable","14":"product-type-simple"},"_links":{"self":[{"href":"https:\/\/www.otiumhome.fi\/index.php\/wp-json\/wp\/v2\/product\/108320","targetHints":{"allow":["GET"]}}],"collection":[{"href":"https:\/\/www.otiumhome.fi\/index.php\/wp-json\/wp\/v2\/product"}],"about":[{"href":"https:\/\/www.otiumhome.fi\/index.php\/wp-json\/wp\/v2\/types\/product"}],"replies":[{"embeddable":true,"href":"https:\/\/www.otiumhome.fi\/index.php\/wp-json\/wp\/v2\/comments?post=108320"}],"wp:featuredmedia":[{"embeddable":true,"href":"https:\/\/www.otiumhome.fi\/index.php\/wp-json\/"}],"wp:attachment":[{"href":"https:\/\/www.otiumhome.fi\/index.php\/wp-json\/wp\/v2\/media?parent=108320"}],"wp:term":[{"taxonomy":"product_brand","embeddable":true,"href":"https:\/\/www.otiumhome.fi\/index.php\/wp-json\/wp\/v2\/product_brand?post=108320"},{"taxonomy":"product_cat","embeddable":true,"href":"https:\/\/www.otiumhome.fi\/index.php\/wp-json\/wp\/v2\/product_cat?post=108320"},{"taxonomy":"product_tag","embeddable":true,"href":"https:\/\/www.otiumhome.fi\/index.php\/wp-json\/wp\/v2\/product_tag?post=108320"}],"curies":[{"name":"wp","href":"https:\/\/api.w.org\/{rel}","templated":true}]}}