{"id":107675,"date":"2024-12-15T16:13:25","date_gmt":"2024-12-15T16:13:25","guid":{"rendered":"https:\/\/www.otiumhome.fi\/?p=107675"},"modified":"2025-06-06T16:32:45","modified_gmt":"2025-06-06T16:32:45","slug":"2-kerroksinen-kelluva-seinahylly-ruostumaton-teras-100x30-cm","status":"publish","type":"product","link":"https:\/\/www.otiumhome.fi\/index.php\/tuote\/2-kerroksinen-kelluva-seinahylly-ruostumaton-teras-100x30-cm\/","title":{"rendered":"2-Kerroksinen kelluva sein\u00e4hylly ruostumaton ter\u00e4s 100&#215;30 cm"},"content":{"rendered":"<p>2-kerroksinen ruostumattomasta ter\u00e4ksest\u00e4 valmistettu sein\u00e4hylly on paitsi tyylik\u00e4s my\u00f6s eritt\u00e4in toimiva. Se on loistava valinta niille, jotka tarvitsevat ylim\u00e4\u00e4r\u00e4ist\u00e4 s\u00e4ilytystilaa keitti\u00f6iss\u00e4. Se on t\u00e4ydellinen paikka lautasten, astioiden ja monien muiden keitti\u00f6v\u00e4lineiden pit\u00e4miseen.<\/p>\n<\/p>\n<p>Ruostumattomasta ter\u00e4ksest\u00e4 valmistettu keitti\u00f6n sein\u00e4hylly on eritt\u00e4in kest\u00e4v\u00e4, vakaa ja helppo puhdistaa, joten se sopii erinomaisesti silloin kun otettava huomioon korkean hygienian vaatimukset. Hyllyn kokonaiskuorma on 40 kg. Asennustarvikkeet tulevat mukana ja ripustettava sein\u00e4hylly on helppo koota.<\/p>\n<ul>\n<li>2-kerroksinen<\/li>\n<li>Materiaali: ruostumaton ter\u00e4s<\/li>\n<li>Koko (hylly\u00e4 kohti): 100 x 30 cm (L x S)<\/li>\n<li>Kokonaiskuorma: 40 kg<\/li>\n<li>Eritt\u00e4in vahvoilla sein\u00e4kiinnikkeill\u00e4<\/li>\n<li>Sein\u00e4kiinnikkeen korkeus: 70 cm<\/li>\n<li>Hygieeninen suunnittelu, ruostumaton ja helppo puhdistaa<\/li>\n<li>Hyllyn asennuskorkeus s\u00e4\u00e4dett\u00e4viss\u00e4<\/li>\n<\/ul>\n","protected":false},"excerpt":{"rendered":"<ul>\n<li>2-kerroksinen<\/li>\n<li>Materiaali: ruostumaton ter\u00e4s<\/li>\n<li>Koko (hylly\u00e4 kohti): 100 x 30 cm (L x S)<\/li>\n<li>Kokonaiskuorma: 40 kg<\/li>\n<li>Eritt\u00e4in vahvoilla sein\u00e4kiinnikkeill\u00e4<\/li>\n<li>Sein\u00e4kiinnikkeen korkeus: 70 cm<\/li>\n<li>Hygieeninen suunnittelu, ruostumaton ja helppo puhdistaa<\/li>\n<li>Hyllyn asennuskorkeus s\u00e4\u00e4dett\u00e4viss\u00e4<\/li>\n<\/ul>\n","protected":false},"featured_media":100000107675,"comment_status":"closed","ping_status":"closed","template":"","meta":[],"product_brand":[],"product_cat":[84,8634],"product_tag":[],"class_list":{"0":"post-107675","1":"product","2":"type-product","3":"status-publish","4":"has-post-thumbnail","6":"product_cat-huonekalut","7":"product_cat-seinahyllyt","9":"first","10":"instock","11":"taxable","12":"shipping-taxable","13":"purchasable","14":"product-type-simple"},"_links":{"self":[{"href":"https:\/\/www.otiumhome.fi\/index.php\/wp-json\/wp\/v2\/product\/107675","targetHints":{"allow":["GET"]}}],"collection":[{"href":"https:\/\/www.otiumhome.fi\/index.php\/wp-json\/wp\/v2\/product"}],"about":[{"href":"https:\/\/www.otiumhome.fi\/index.php\/wp-json\/wp\/v2\/types\/product"}],"replies":[{"embeddable":true,"href":"https:\/\/www.otiumhome.fi\/index.php\/wp-json\/wp\/v2\/comments?post=107675"}],"wp:featuredmedia":[{"embeddable":true,"href":"https:\/\/www.otiumhome.fi\/index.php\/wp-json\/"}],"wp:attachment":[{"href":"https:\/\/www.otiumhome.fi\/index.php\/wp-json\/wp\/v2\/media?parent=107675"}],"wp:term":[{"taxonomy":"product_brand","embeddable":true,"href":"https:\/\/www.otiumhome.fi\/index.php\/wp-json\/wp\/v2\/product_brand?post=107675"},{"taxonomy":"product_cat","embeddable":true,"href":"https:\/\/www.otiumhome.fi\/index.php\/wp-json\/wp\/v2\/product_cat?post=107675"},{"taxonomy":"product_tag","embeddable":true,"href":"https:\/\/www.otiumhome.fi\/index.php\/wp-json\/wp\/v2\/product_tag?post=107675"}],"curies":[{"name":"wp","href":"https:\/\/api.w.org\/{rel}","templated":true}]}}