{"id":106460,"date":"2024-12-15T15:52:32","date_gmt":"2024-12-15T15:52:32","guid":{"rendered":"https:\/\/www.otiumhome.fi\/?p=106460"},"modified":"2025-06-06T16:31:24","modified_gmt":"2025-06-06T16:31:24","slug":"hyllypaneeli-kirkas-lasi-100x15-cm","status":"publish","type":"product","link":"https:\/\/www.otiumhome.fi\/index.php\/tuote\/hyllypaneeli-kirkas-lasi-100x15-cm\/","title":{"rendered":"Hyllypaneeli Kirkas Lasi 100&#215;15 cm"},"content":{"rendered":"<p>Muunna sein\u00e4si yksinkertaisen tehokkaasti moderniksi tuote-esittelypaikaksi t\u00e4ll\u00e4 lasipaneelilla sein\u00e4ll\u00e4si! T\u00e4m\u00e4 karkaistu lasihyllypaneeli on ihanteellinen kauppaan tai kotiin.<\/p>\n<\/p>\n<p>Koska se on valmistettu laadukkaasta karkaistusta lasista, t\u00e4m\u00e4 paneeli on kest\u00e4v\u00e4 ja vahva. Sen kantavuus on 15 kg ja sille voidaan laittaa useita erilaisia esineit\u00e4. Se on my\u00f6s todella helppo pyyhki\u00e4 puhtaaksi.<\/p>\n<ul>\n<li>V\u00e4ri: kirkas<\/li>\n<li>Materiaali: karkaistu lasi<\/li>\n<li>Koko: 100 x 15 cm (P x L)<\/li>\n<li>Lasin paksuus: 8 mm<\/li>\n<li>Kantavuus: 15 kg<\/li>\n<\/ul>\n","protected":false},"excerpt":{"rendered":"<ul>\n<li>V\u00e4ri: kirkas<\/li>\n<li>Materiaali: karkaistu lasi<\/li>\n<li>Koko: 100 x 15 cm (P x L)<\/li>\n<li>Lasin paksuus: 8 mm<\/li>\n<li>Kantavuus: 15 kg<\/li>\n<\/ul>\n","protected":false},"featured_media":100000106460,"comment_status":"closed","ping_status":"closed","template":"","meta":[],"product_brand":[],"product_cat":[84,8634],"product_tag":[],"class_list":{"0":"post-106460","1":"product","2":"type-product","3":"status-publish","4":"has-post-thumbnail","6":"product_cat-huonekalut","7":"product_cat-seinahyllyt","9":"first","10":"instock","11":"taxable","12":"shipping-taxable","13":"purchasable","14":"product-type-simple"},"_links":{"self":[{"href":"https:\/\/www.otiumhome.fi\/index.php\/wp-json\/wp\/v2\/product\/106460","targetHints":{"allow":["GET"]}}],"collection":[{"href":"https:\/\/www.otiumhome.fi\/index.php\/wp-json\/wp\/v2\/product"}],"about":[{"href":"https:\/\/www.otiumhome.fi\/index.php\/wp-json\/wp\/v2\/types\/product"}],"replies":[{"embeddable":true,"href":"https:\/\/www.otiumhome.fi\/index.php\/wp-json\/wp\/v2\/comments?post=106460"}],"wp:featuredmedia":[{"embeddable":true,"href":"https:\/\/www.otiumhome.fi\/index.php\/wp-json\/"}],"wp:attachment":[{"href":"https:\/\/www.otiumhome.fi\/index.php\/wp-json\/wp\/v2\/media?parent=106460"}],"wp:term":[{"taxonomy":"product_brand","embeddable":true,"href":"https:\/\/www.otiumhome.fi\/index.php\/wp-json\/wp\/v2\/product_brand?post=106460"},{"taxonomy":"product_cat","embeddable":true,"href":"https:\/\/www.otiumhome.fi\/index.php\/wp-json\/wp\/v2\/product_cat?post=106460"},{"taxonomy":"product_tag","embeddable":true,"href":"https:\/\/www.otiumhome.fi\/index.php\/wp-json\/wp\/v2\/product_tag?post=106460"}],"curies":[{"name":"wp","href":"https:\/\/api.w.org\/{rel}","templated":true}]}}