{"id":104996,"date":"2024-12-15T14:05:49","date_gmt":"2024-12-15T14:05:49","guid":{"rendered":"https:\/\/www.otiumhome.fi\/?p=104996"},"modified":"2025-06-06T16:25:53","modified_gmt":"2025-06-06T16:25:53","slug":"pyorea-poytalevy-vaaleanruskea-o-40x15-cm-kasitelty-tammi","status":"publish","type":"product","link":"https:\/\/www.otiumhome.fi\/index.php\/tuote\/pyorea-poytalevy-vaaleanruskea-o-40x15-cm-kasitelty-tammi\/","title":{"rendered":"Py\u00f6re\u00e4 p\u00f6yt\u00e4levy vaaleanruskea \u00d8 40&#215;1,5 cm k\u00e4sitelty tammi"},"content":{"rendered":"<p>Anna uusi el\u00e4m\u00e4 p\u00f6yd\u00e4llesi t\u00e4ydest\u00e4 tammesta valmistetulla p\u00f6yt\u00e4levyll\u00e4. Se on erinomainen ratkaisu p\u00f6yd\u00e4n p\u00e4ivitt\u00e4miseksi kotona. Se sopii my\u00f6s k\u00e4ytett\u00e4v\u00e4ksi kaupallisissa k\u00e4ytt\u00f6tarkoituksissa, kuten ravintoloissa, kahviloissa, hotelleissa jne.<\/p>\n<\/p>\n<ul>\n<li>T\u00e4ysi tammi: T\u00e4ysi tammi on kaunis luonnonmateriaali. Tammipuu on keskiruskean v\u00e4rist\u00e4 ja sill\u00e4 on tihe\u00e4t puunsyyt, mik\u00e4 lis\u00e4\u00e4 sen ainutlaatuista ulkon\u00e4k\u00f6\u00e4. T\u00e4m\u00e4 p\u00f6yt\u00e4levy on kest\u00e4v\u00e4 ja helppo puhdistaa kostealla liinalla.<\/li>\n<li>Monia toimintoja: T\u00e4t\u00e4 puista p\u00f6yt\u00e4levy\u00e4 voidaan k\u00e4ytt\u00e4\u00e4 sohva-, sivu-, baari-, puhelin-, konsoli- ja y\u00f6p\u00f6ydiss\u00e4, sek\u00e4 hyllyiss\u00e4 tai huonekalulevyin\u00e4. Voit my\u00f6s yhdist\u00e4\u00e4 t\u00e4m\u00e4 t\u00e4yspuisen p\u00f6yt\u00e4levyn mink\u00e4 tahansa tyylisten p\u00f6yd\u00e4njalkojen kanssa omia erityistarpeitasi vastaamaan.<\/li>\n<li>K\u00e4sitelty pinta: Py\u00f6re\u00e4 p\u00f6yt\u00e4levy on lakattu, joten se on k\u00e4ytt\u00f6valmis, eik\u00e4 lis\u00e4viimeistelyj\u00e4 tarvita.<\/li>\n<li>Maalaismainen muotoilu: Yksinkertaisella ja puhtaalla ilmeell\u00e4 t\u00e4m\u00e4 py\u00f6re\u00e4 p\u00f6yt\u00e4levy lis\u00e4\u00e4 maalaismaista vieh\u00e4tyst\u00e4 ruokailutiloihisi.<\/li>\n<\/ul>\n<ul>\n<li>V\u00e4ri: vaaleanruskea<\/li>\n<li>Materiaali: Lakattu t\u00e4ystammi<\/li>\n<li>Mitat: 40 x 1,5 cm (Halkaisija x Paks.)<\/li>\n<\/ul>\n","protected":false},"excerpt":{"rendered":"<ul>\n<li>V\u00e4ri: vaaleanruskea<\/li>\n<li>Materiaali: Lakattu t\u00e4ystammi<\/li>\n<li>Mitat: 40 x 1,5 cm (Halkaisija x Paks.)<\/li>\n<\/ul>\n","protected":false},"featured_media":100000104996,"comment_status":"closed","ping_status":"closed","template":"","meta":[],"product_brand":[],"product_cat":[84,8578],"product_tag":[],"class_list":{"0":"post-104996","1":"product","2":"type-product","3":"status-publish","4":"has-post-thumbnail","6":"product_cat-huonekalut","7":"product_cat-poytalevyt","9":"first","10":"instock","11":"taxable","12":"shipping-taxable","13":"purchasable","14":"product-type-simple"},"_links":{"self":[{"href":"https:\/\/www.otiumhome.fi\/index.php\/wp-json\/wp\/v2\/product\/104996","targetHints":{"allow":["GET"]}}],"collection":[{"href":"https:\/\/www.otiumhome.fi\/index.php\/wp-json\/wp\/v2\/product"}],"about":[{"href":"https:\/\/www.otiumhome.fi\/index.php\/wp-json\/wp\/v2\/types\/product"}],"replies":[{"embeddable":true,"href":"https:\/\/www.otiumhome.fi\/index.php\/wp-json\/wp\/v2\/comments?post=104996"}],"wp:featuredmedia":[{"embeddable":true,"href":"https:\/\/www.otiumhome.fi\/index.php\/wp-json\/"}],"wp:attachment":[{"href":"https:\/\/www.otiumhome.fi\/index.php\/wp-json\/wp\/v2\/media?parent=104996"}],"wp:term":[{"taxonomy":"product_brand","embeddable":true,"href":"https:\/\/www.otiumhome.fi\/index.php\/wp-json\/wp\/v2\/product_brand?post=104996"},{"taxonomy":"product_cat","embeddable":true,"href":"https:\/\/www.otiumhome.fi\/index.php\/wp-json\/wp\/v2\/product_cat?post=104996"},{"taxonomy":"product_tag","embeddable":true,"href":"https:\/\/www.otiumhome.fi\/index.php\/wp-json\/wp\/v2\/product_tag?post=104996"}],"curies":[{"name":"wp","href":"https:\/\/api.w.org\/{rel}","templated":true}]}}