{"id":104049,"date":"2024-12-15T14:00:39","date_gmt":"2024-12-15T14:00:39","guid":{"rendered":"https:\/\/www.otiumhome.fi\/?p=104049"},"modified":"2025-06-06T16:16:58","modified_gmt":"2025-06-06T16:16:58","slug":"tyopenkin-runko-mattamusta-ja-punainen-180x57x79-cm-metalli","status":"publish","type":"product","link":"https:\/\/www.otiumhome.fi\/index.php\/tuote\/tyopenkin-runko-mattamusta-ja-punainen-180x57x79-cm-metalli\/","title":{"rendered":"Ty\u00f6penkin runko mattamusta ja -punainen 180x57x79 cm metalli"},"content":{"rendered":"<p>T\u00e4t\u00e4 lujatekoista metallista ty\u00f6penkin runkoa voidaan k\u00e4ytt\u00e4\u00e4 useaan eri toimintaan tarpeistasi riippuen.<\/p>\n<\/p>\n<p>P\u00f6yd\u00e4nrungon jauhemaalattujen jalkojen ansiosta se on kest\u00e4v\u00e4 ja kovaa kulutusta siet\u00e4v\u00e4. Yl\u00e4- ja alaosassa on vahvistettu tanko tuen ja lujuuden lis\u00e4\u00e4miseksi. Esiporatut rei\u00e4t yl\u00e4osassa mahdollistavat mink\u00e4 tahansa tarpeidesi mukaisen p\u00f6yt\u00e4levyn kiinnitt\u00e4misen helposti.<\/p>\n<ul>\n<li>V\u00e4ri: mattamusta ja mattapunainen<\/li>\n<li>Materiaali: jauhemaalattu metalli<\/li>\n<li>Mitat: 180 x 57 x 79 cm (P x L x K)<\/li>\n<li>Yl\u00e4osassa esiporatut rei\u00e4t<\/li>\n<li>Asennus vaaditaan: kyll\u00e4<\/li>\n<\/ul>\n","protected":false},"excerpt":{"rendered":"<ul>\n<li>V\u00e4ri: mattamusta ja mattapunainen<\/li>\n<li>Materiaali: jauhemaalattu metalli<\/li>\n<li>Mitat: 180 x 57 x 79 cm (P x L x K)<\/li>\n<li>Yl\u00e4osassa esiporatut rei\u00e4t<\/li>\n<li>Asennus vaaditaan: kyll\u00e4<\/li>\n<\/ul>\n","protected":false},"featured_media":100000104049,"comment_status":"closed","ping_status":"closed","template":"","meta":[],"product_brand":[],"product_cat":[84,8577],"product_tag":[],"class_list":{"0":"post-104049","1":"product","2":"type-product","3":"status-publish","4":"has-post-thumbnail","6":"product_cat-huonekalut","7":"product_cat-poydanjalat","9":"first","10":"instock","11":"taxable","12":"shipping-taxable","13":"purchasable","14":"product-type-simple"},"_links":{"self":[{"href":"https:\/\/www.otiumhome.fi\/index.php\/wp-json\/wp\/v2\/product\/104049","targetHints":{"allow":["GET"]}}],"collection":[{"href":"https:\/\/www.otiumhome.fi\/index.php\/wp-json\/wp\/v2\/product"}],"about":[{"href":"https:\/\/www.otiumhome.fi\/index.php\/wp-json\/wp\/v2\/types\/product"}],"replies":[{"embeddable":true,"href":"https:\/\/www.otiumhome.fi\/index.php\/wp-json\/wp\/v2\/comments?post=104049"}],"wp:featuredmedia":[{"embeddable":true,"href":"https:\/\/www.otiumhome.fi\/index.php\/wp-json\/"}],"wp:attachment":[{"href":"https:\/\/www.otiumhome.fi\/index.php\/wp-json\/wp\/v2\/media?parent=104049"}],"wp:term":[{"taxonomy":"product_brand","embeddable":true,"href":"https:\/\/www.otiumhome.fi\/index.php\/wp-json\/wp\/v2\/product_brand?post=104049"},{"taxonomy":"product_cat","embeddable":true,"href":"https:\/\/www.otiumhome.fi\/index.php\/wp-json\/wp\/v2\/product_cat?post=104049"},{"taxonomy":"product_tag","embeddable":true,"href":"https:\/\/www.otiumhome.fi\/index.php\/wp-json\/wp\/v2\/product_tag?post=104049"}],"curies":[{"name":"wp","href":"https:\/\/api.w.org\/{rel}","templated":true}]}}