{"id":104033,"date":"2024-12-15T14:00:38","date_gmt":"2024-12-15T14:00:38","guid":{"rendered":"https:\/\/www.otiumhome.fi\/?p=104033"},"modified":"2025-06-06T16:16:56","modified_gmt":"2025-06-06T16:16:56","slug":"saadettavat-tyopoydan-rungot-2kpl-metalli-85x69-955-cm-musta","status":"publish","type":"product","link":"https:\/\/www.otiumhome.fi\/index.php\/tuote\/saadettavat-tyopoydan-rungot-2kpl-metalli-85x69-955-cm-musta\/","title":{"rendered":"S\u00e4\u00e4dett\u00e4v\u00e4t ty\u00f6p\u00f6yd\u00e4n rungot 2kpl metalli 85x(69-95,5) cm musta"},"content":{"rendered":"<p>Luo oma yksil\u00f6llinen ty\u00f6tila metallisen ty\u00f6p\u00f6yd\u00e4n rungon avulla. <\/p>\n<\/p>\n<p>Jauhemaalatuilla jaloillaan p\u00f6yd\u00e4n runko on kest\u00e4v\u00e4 ja kest\u00e4\u00e4 kovaa k\u00e4ytt\u00f6\u00e4. Korkeus on s\u00e4\u00e4dett\u00e4viss\u00e4 69 &#8211; 95,5 cm v\u00e4lill\u00e4, joten se sopii erilaisiin tarpeisiin. Esiporatut rei\u00e4t yl\u00e4osassa mahdollistavat helposti mink\u00e4 tahansa p\u00f6yt\u00e4levyn kiinnitt\u00e4misen tarpeidesi mukaan.<\/p>\n<ul>\n<li>V\u00e4ri: musta<\/li>\n<li>Materiaali: jauhemaalattu metalli<\/li>\n<li>Mitat: 85 x (69-95,5) cm (L x K)<\/li>\n<li>Korkeus s\u00e4\u00e4dett\u00e4viss\u00e4<\/li>\n<li>Helppo kiinnitt\u00e4\u00e4<\/li>\n<li>Asennus vaaditaan: kyll\u00e4<\/li>\n<li><strong>Toimitus sis\u00e4lt\u00e4\u00e4:<\/strong><\/li>\n<li>2 x metallirunko<\/li>\n<\/ul>\n","protected":false},"excerpt":{"rendered":"<ul>\n<li>V\u00e4ri: musta<\/li>\n<li>Materiaali: jauhemaalattu metalli<\/li>\n<li>Mitat: 85 x (69-95,5) cm (L x K)<\/li>\n<li>Korkeus s\u00e4\u00e4dett\u00e4viss\u00e4<\/li>\n<li>Helppo kiinnitt\u00e4\u00e4<\/li>\n<li>Asennus vaaditaan: kyll\u00e4<\/li>\n<li><strong>Toimitus sis\u00e4lt\u00e4\u00e4:<\/strong><\/li>\n<li>2 x metallirunko<\/li>\n<\/ul>\n","protected":false},"featured_media":100000104033,"comment_status":"closed","ping_status":"closed","template":"","meta":[],"product_brand":[],"product_cat":[84,8577],"product_tag":[],"class_list":{"0":"post-104033","1":"product","2":"type-product","3":"status-publish","4":"has-post-thumbnail","6":"product_cat-huonekalut","7":"product_cat-poydanjalat","9":"first","10":"instock","11":"taxable","12":"shipping-taxable","13":"purchasable","14":"product-type-simple"},"_links":{"self":[{"href":"https:\/\/www.otiumhome.fi\/index.php\/wp-json\/wp\/v2\/product\/104033","targetHints":{"allow":["GET"]}}],"collection":[{"href":"https:\/\/www.otiumhome.fi\/index.php\/wp-json\/wp\/v2\/product"}],"about":[{"href":"https:\/\/www.otiumhome.fi\/index.php\/wp-json\/wp\/v2\/types\/product"}],"replies":[{"embeddable":true,"href":"https:\/\/www.otiumhome.fi\/index.php\/wp-json\/wp\/v2\/comments?post=104033"}],"wp:featuredmedia":[{"embeddable":true,"href":"https:\/\/www.otiumhome.fi\/index.php\/wp-json\/"}],"wp:attachment":[{"href":"https:\/\/www.otiumhome.fi\/index.php\/wp-json\/wp\/v2\/media?parent=104033"}],"wp:term":[{"taxonomy":"product_brand","embeddable":true,"href":"https:\/\/www.otiumhome.fi\/index.php\/wp-json\/wp\/v2\/product_brand?post=104033"},{"taxonomy":"product_cat","embeddable":true,"href":"https:\/\/www.otiumhome.fi\/index.php\/wp-json\/wp\/v2\/product_cat?post=104033"},{"taxonomy":"product_tag","embeddable":true,"href":"https:\/\/www.otiumhome.fi\/index.php\/wp-json\/wp\/v2\/product_tag?post=104033"}],"curies":[{"name":"wp","href":"https:\/\/api.w.org\/{rel}","templated":true}]}}